{"id":39,"date":"2024-12-06T09:36:36","date_gmt":"2024-12-06T09:36:36","guid":{"rendered":"https:\/\/www.affectionate-wu.62-213-219-49.plesk.page\/wordpress\/?page_id=39"},"modified":"2025-02-06T15:37:29","modified_gmt":"2025-02-06T15:37:29","slug":"algemene-dermatologie-behandelingen-huidziekten","status":"publish","type":"page","link":"https:\/\/drleyndermatologie.be\/index.php\/algemene-dermatologie-behandelingen-huidziekten\/","title":{"rendered":"Algemene dermatologie"},"content":{"rendered":"\n<div class=\"wp-block-uagb-container uagb-block-f8d32e49 alignfull uagb-is-root-container\"><div class=\"uagb-container-inner-blocks-wrap\">\n<div class=\"wp-block-uagb-container uagb-block-e4f5e1bf\">\n<div class=\"wp-block-uagb-advanced-heading uagb-block-341ee502\"><h3 class=\"uagb-heading-text\">Algemene dermatologie<\/h3><\/div>\n<\/div>\n\n\n\n<div class=\"wp-block-uagb-container uagb-block-c537bd31\">\n<div class=\"wp-block-uagb-image alignleft uagb-block-e9dffea7 wp-block-uagb-image--layout-default wp-block-uagb-image--effect-static wp-block-uagb-image--align-left\"><figure class=\"wp-block-uagb-image__figure\"><img decoding=\"async\" srcset=\"https:\/\/drleyndermatologie.be\/wp-content\/uploads\/2024\/12\/Pilar-Shoots-Dr.Leyn-LR-77-algemene-dermatologie-683x1024.jpg ,https:\/\/drleyndermatologie.be\/wp-content\/uploads\/2024\/12\/Pilar-Shoots-Dr.Leyn-LR-77-algemene-dermatologie.jpg 780w, https:\/\/drleyndermatologie.be\/wp-content\/uploads\/2024\/12\/Pilar-Shoots-Dr.Leyn-LR-77-algemene-dermatologie.jpg 360w\" sizes=\"auto, (max-width: 480px) 150px\" src=\"https:\/\/drleyndermatologie.be\/wp-content\/uploads\/2024\/12\/Pilar-Shoots-Dr.Leyn-LR-77-algemene-dermatologie-683x1024.jpg\" alt=\"\" class=\"uag-image-90\" width=\"228\" height=\"342\" title=\"Pilar Shoots - Dr.Leyn LR-77 algemene dermatologie\" loading=\"lazy\" role=\"img\"\/><\/figure><\/div>\n<\/div>\n<\/div><\/div>\n\n\n\n<div class=\"wp-block-uagb-container uagb-block-487beb8d alignfull uagb-is-root-container\"><div class=\"uagb-container-inner-blocks-wrap\">\n<div class=\"wp-block-uagb-container uagb-block-b9b54f9e\">\n<div class=\"wp-block-uagb-advanced-heading uagb-block-902a0720\"><h5 class=\"uagb-heading-text\">Huidziekten<\/h5><\/div>\n\n\n\n<div class=\"wp-block-uagb-advanced-heading uagb-block-4b2a3c29\"><p class=\"uagb-heading-text\">Psoriasis, eczeem, acne, netelroos, huidinfecties \u2026.<\/p><\/div>\n<\/div>\n\n\n\n<div class=\"wp-block-uagb-container uagb-block-38c8cd47\">\n<div class=\"wp-block-uagb-advanced-heading uagb-block-a7725c30\"><h5 class=\"uagb-heading-text\">Huidkanker<\/h5><\/div>\n\n\n\n<div class=\"wp-block-uagb-advanced-heading uagb-block-aac46c28\"><p class=\"uagb-heading-text\">Opsporen en behandelen van verschillende types van huidkanker<\/p><\/div>\n<\/div>\n\n\n\n<div class=\"wp-block-uagb-container uagb-block-be13355e\">\n<div class=\"wp-block-uagb-advanced-heading uagb-block-58f6803f\"><h5 class=\"uagb-heading-text\">Contactallergietest<\/h5><\/div>\n\n\n\n<div class=\"wp-block-uagb-advanced-heading uagb-block-be6f7fb3\"><p class=\"uagb-heading-text\">Opsporen van contactallergie bij eczeem via plaktesten<\/p><\/div>\n<\/div>\n<\/div><\/div>\n\n\n\n<div class=\"wp-block-uagb-container uagb-block-fe0812df alignfull uagb-is-root-container\"><div class=\"uagb-container-inner-blocks-wrap\">\n<div class=\"wp-block-uagb-container uagb-block-67202018\">\n<div class=\"wp-block-uagb-advanced-heading uagb-block-9b94bc93\"><h5 class=\"uagb-heading-text\">Moedervlekken<\/h5><\/div>\n\n\n\n<div class=\"wp-block-uagb-advanced-heading uagb-block-63bc3d6b\"><p class=\"uagb-heading-text\">Een huidinspectie en dermatoscopie voor screening, preventie of opvolging van naevi<\/p><\/div>\n<\/div>\n\n\n\n<div class=\"wp-block-uagb-container uagb-block-076a0575\">\n<div class=\"wp-block-uagb-advanced-heading uagb-block-7f29b736\"><h5 class=\"uagb-heading-text\">Haar en nagels<\/h5><\/div>\n\n\n\n<div class=\"wp-block-uagb-advanced-heading uagb-block-bd500c81\"><p class=\"uagb-heading-text\">Nazicht en behandelen van de aandoeningen van&nbsp;hoofdhuid, haren of nagels<\/p><\/div>\n<\/div>\n\n\n\n<div class=\"wp-block-uagb-container uagb-block-a8fe8760\">\n<div class=\"wp-block-uagb-advanced-heading uagb-block-49ea196e\"><h5 class=\"uagb-heading-text\">Heelkundige ingrepen<\/h5><\/div>\n\n\n\n<div class=\"wp-block-uagb-advanced-heading uagb-block-aa694933\"><p class=\"uagb-heading-text\">Verwijderen van goedaardige en kwaadaardige huidtumoren, moedervlekken,\u2026 onder lokale anesthesie<\/p><\/div>\n<\/div>\n<\/div><\/div>\n\n\n\n<div class=\"wp-block-uagb-container uagb-block-36c8e09e alignfull uagb-is-root-container\"><div class=\"uagb-container-inner-blocks-wrap\">\n<div class=\"wp-block-uagb-container uagb-block-988e9d69\">\n<div class=\"wp-block-uagb-advanced-heading uagb-block-eaba1a74\"><h5 class=\"uagb-heading-text\"><strong>Cryotherapie<\/strong><\/h5><\/div>\n\n\n\n<div class=\"wp-block-uagb-advanced-heading uagb-block-ce5a14b9\"><p class=\"uagb-heading-text\">Een snelle en eenvoudige behandeling om sommige voorlopers van huidkanker, wratachtige- of pigmentvlekjes te behandelen<\/p><\/div>\n<\/div>\n\n\n\n<div class=\"wp-block-uagb-container uagb-block-fb993123\">\n<div class=\"wp-block-uagb-advanced-heading uagb-block-2f360864\"><h5 class=\"uagb-heading-text\"><strong>Fotodynamische therapie<\/strong><\/h5><\/div>\n\n\n\n<div class=\"wp-block-uagb-advanced-heading uagb-block-b2ae1fb9\"><p class=\"uagb-heading-text\">Een behandeling zonder snijden<br>door middel van een cr\u00e8me en rood licht om oppervlakkige huidtumoren of voorlopers hiervan in \u00e9\u00e9n of meerdere sessies te behandelen<\/p><\/div>\n<\/div>\n\n\n\n<div class=\"wp-block-uagb-container uagb-block-389abced\">\n<div class=\"wp-block-uagb-advanced-heading uagb-block-fdade392\"><h5 class=\"uagb-heading-text\">Injecties voor<strong> overmatig zweten <\/strong><\/h5><\/div>\n\n\n\n<div class=\"wp-block-uagb-advanced-heading uagb-block-0d11458b\"><p class=\"uagb-heading-text\">Een comfortabele oplossing voor de oksels via injecties met botuinetoxine. Het resultaat houdt ongeveer 3 tot 9 maanden aan. Daarna kan de behandeling wanneer u wenst, zoals jaarlijks voor de zomermaanden, herhaald worden<\/p><\/div>\n<\/div>\n<\/div><\/div>\n\n\n\n<div class=\"wp-block-uagb-container uagb-block-3461b527 alignfull uagb-is-root-container\"><div class=\"uagb-container-inner-blocks-wrap\">\n<div class=\"wp-block-uagb-container uagb-block-ae72d2a2\">\n<div class=\"wp-block-uagb-advanced-heading uagb-block-974c3fdc\"><h5 class=\"uagb-heading-text\"><strong>Sclerotherapie<\/strong><\/h5><\/div>\n\n\n\n<div class=\"wp-block-uagb-advanced-heading uagb-block-0708e17a\"><p class=\"uagb-heading-text\">Behandeling van fijne spataders met injecties<\/p><\/div>\n<\/div>\n\n\n\n<div class=\"wp-block-uagb-container uagb-block-b789f986\">\n<div class=\"wp-block-uagb-advanced-heading uagb-block-1e8adfbd\"><h5 class=\"uagb-heading-text\"><strong>Weefselbiopt<\/strong><\/h5><\/div>\n\n\n\n<div class=\"wp-block-uagb-advanced-heading uagb-block-7f2d93a4\"><p class=\"uagb-heading-text\">Voor histologisch onderzoek<\/p><\/div>\n<\/div>\n\n\n\n<div class=\"wp-block-uagb-container uagb-block-04e439ed\">\n<div class=\"wp-block-uagb-advanced-heading uagb-block-85bf3e17\"><h5 class=\"uagb-heading-text\"><strong>Medische peels<\/strong><\/h5><\/div>\n\n\n\n<div class=\"wp-block-uagb-advanced-heading uagb-block-e9b62f7b\"><p class=\"uagb-heading-text\">Kunnen worden ingezet bij behandelingen van acne of sommige pigmentstoornissen<\/p><\/div>\n<\/div>\n<\/div><\/div>\n\n\n\n<div class=\"wp-block-uagb-container uagb-block-2dd8dbfb alignfull uagb-is-root-container\"><div class=\"uagb-container-inner-blocks-wrap\">\n<div class=\"wp-block-uagb-container uagb-block-0695aeba\">\n<div class=\"wp-block-uagb-advanced-heading uagb-block-237f63cd\"><h5 class=\"uagb-heading-text\"><strong>DNA-analyse voor haarverlies<\/strong><\/h5><\/div>\n\n\n\n<div class=\"wp-block-uagb-advanced-heading uagb-block-f8820c91\"><p class=\"uagb-heading-text\">Door middel van de Trichotest DNA-test via speeksel en een vragenlijst kan een meer gepersonaliseerd advies worden gegeven over welke lokale behandelingen bij u het meest optimale resultaat zullen geven. Na een aantal weken ontvangt de arts een gedetailleerd rapport met&nbsp;actieve bestanddelen die goed, gemiddeld of niet reageren volgens het genoom.<br>Omdat de testen op basis van DNA zijn, zullen de resultaten niet veranderen gedurende het leven van de pati\u00ebnt<\/p><\/div>\n<\/div>\n\n\n\n<div class=\"wp-block-uagb-container uagb-block-aa961f68\">\n<div class=\"wp-block-uagb-advanced-heading uagb-block-f01a4eb8\"><h5 class=\"uagb-heading-text\"><strong>Handen-en voeten PUVA<\/strong><\/h5><\/div>\n\n\n\n<div class=\"wp-block-uagb-advanced-heading uagb-block-e42ec9b0\"><p class=\"uagb-heading-text\">De handen- en voeten Puva kan onder andere worden ingezet bij psoriasis, eczeem, lichen op handen of voeten<\/p><\/div>\n\n\n\n<div class=\"wp-block-uagb-image uagb-block-9f6a4820 wp-block-uagb-image--layout-default wp-block-uagb-image--effect-static wp-block-uagb-image--align-none\"><figure class=\"wp-block-uagb-image__figure\"><img decoding=\"async\" srcset=\"https:\/\/drleyndermatologie.be\/wp-content\/uploads\/2024\/12\/handen-en-voeten-PUVA-dr-leyn-1.jpg ,https:\/\/drleyndermatologie.be\/wp-content\/uploads\/2024\/12\/handen-en-voeten-PUVA-dr-leyn-1.jpg 780w, https:\/\/drleyndermatologie.be\/wp-content\/uploads\/2024\/12\/handen-en-voeten-PUVA-dr-leyn-1.jpg 360w\" sizes=\"auto, (max-width: 480px) 150px\" src=\"https:\/\/drleyndermatologie.be\/wp-content\/uploads\/2024\/12\/handen-en-voeten-PUVA-dr-leyn-1.jpg\" alt=\"\" class=\"uag-image-281\" width=\"370\" height=\"232\" title=\"handen en voeten PUVA dr leyn\" loading=\"lazy\" role=\"img\"\/><\/figure><\/div>\n<\/div>\n\n\n\n<div class=\"wp-block-uagb-container uagb-block-8518b8a6\">\n<div class=\"wp-block-uagb-advanced-heading uagb-block-8daca7c2\"><\/div>\n<\/div>\n<\/div><\/div>\n\n\n\n<p><\/p>\n","protected":false},"excerpt":{"rendered":"<p>Algemene dermatologie Huidziekten Psoriasis, eczeem, acne, netelroos, huidinfecties \u2026. Huidkanker Opsporen en behandelen van verschillende types van huidkanker Contactallergietest Opsporen [&hellip;]<\/p>\n","protected":false},"author":1,"featured_media":0,"parent":0,"menu_order":0,"comment_status":"closed","ping_status":"closed","template":"","meta":{"_uag_custom_page_level_css":"","site-sidebar-layout":"default","site-content-layout":"","ast-site-content-layout":"","site-content-style":"default","site-sidebar-style":"default","ast-global-header-display":"","ast-banner-title-visibility":"","ast-main-header-display":"","ast-hfb-above-header-display":"","ast-hfb-below-header-display":"","ast-hfb-mobile-header-display":"","site-post-title":"disabled","ast-breadcrumbs-content":"","ast-featured-img":"","footer-sml-layout":"","theme-transparent-header-meta":"","adv-header-id-meta":"","stick-header-meta":"","header-above-stick-meta":"","header-main-stick-meta":"","header-below-stick-meta":"","astra-migrate-meta-layouts":"default","ast-page-background-enabled":"default","ast-page-background-meta":{"desktop":{"background-color":"var(--ast-global-color-4)","background-image":"","background-repeat":"repeat","background-position":"center center","background-size":"auto","background-attachment":"scroll","background-type":"","background-media":"","overlay-type":"","overlay-color":"","overlay-opacity":"","overlay-gradient":""},"tablet":{"background-color":"","background-image":"","background-repeat":"repeat","background-position":"center center","background-size":"auto","background-attachment":"scroll","background-type":"","background-media":"","overlay-type":"","overlay-color":"","overlay-opacity":"","overlay-gradient":""},"mobile":{"background-color":"","background-image":"","background-repeat":"repeat","background-position":"center center","background-size":"auto","background-attachment":"scroll","background-type":"","background-media":"","overlay-type":"","overlay-color":"","overlay-opacity":"","overlay-gradient":""}},"ast-content-background-meta":{"desktop":{"background-color":"var(--ast-global-color-5)","background-image":"","background-repeat":"repeat","background-position":"center center","background-size":"auto","background-attachment":"scroll","background-type":"","background-media":"","overlay-type":"","overlay-color":"","overlay-opacity":"","overlay-gradient":""},"tablet":{"background-color":"var(--ast-global-color-5)","background-image":"","background-repeat":"repeat","background-position":"center center","background-size":"auto","background-attachment":"scroll","background-type":"","background-media":"","overlay-type":"","overlay-color":"","overlay-opacity":"","overlay-gradient":""},"mobile":{"background-color":"var(--ast-global-color-5)","background-image":"","background-repeat":"repeat","background-position":"center center","background-size":"auto","background-attachment":"scroll","background-type":"","background-media":"","overlay-type":"","overlay-color":"","overlay-opacity":"","overlay-gradient":""}},"footnotes":""},"class_list":["post-39","page","type-page","status-publish","hentry"],"yoast_head":"<!-- This site is optimized with the Yoast SEO plugin v27.2 - https:\/\/yoast.com\/product\/yoast-seo-wordpress\/ -->\n<title>Algemene dermatologie - Dr Leyn dermatologie<\/title>\n<meta name=\"description\" content=\"U kan terecht bij dokter Leyn voor verschillende dermatologie behandelingen zoals huidziekten, PUVA, haarverlies, medische peels, cryotherapie.\" \/>\n<meta name=\"robots\" content=\"noindex, follow, max-snippet:-1, max-image-preview:large, max-video-preview:-1\" \/>\n<meta property=\"og:locale\" content=\"nl_BE\" \/>\n<meta property=\"og:type\" content=\"article\" \/>\n<meta property=\"og:title\" content=\"Algemene dermatologie - Dr Leyn dermatologie\" \/>\n<meta property=\"og:description\" content=\"U kan terecht bij dokter Leyn voor verschillende dermatologie behandelingen zoals huidziekten, PUVA, haarverlies, medische peels, cryotherapie.\" \/>\n<meta property=\"og:url\" content=\"https:\/\/drleyndermatologie.be\/index.php\/algemene-dermatologie-behandelingen-huidziekten\/\" \/>\n<meta property=\"og:site_name\" content=\"Dr Leyn dermatologie\" \/>\n<meta property=\"article:modified_time\" content=\"2025-02-06T15:37:29+00:00\" \/>\n<meta property=\"og:image\" content=\"https:\/\/drleyndermatologie.be\/wp-content\/uploads\/2024\/12\/Pilar-Shoots-Dr.Leyn-LR-77-algemene-dermatologie-683x1024.jpg\" \/>\n<meta name=\"twitter:card\" content=\"summary_large_image\" \/>\n<meta name=\"twitter:label1\" content=\"Geschatte leestijd\" \/>\n\t<meta name=\"twitter:data1\" content=\"2 minuten\" \/>\n<script type=\"application\/ld+json\" class=\"yoast-schema-graph\">{\"@context\":\"https:\/\/schema.org\",\"@graph\":[{\"@type\":\"WebPage\",\"@id\":\"https:\/\/drleyndermatologie.be\/index.php\/algemene-dermatologie-behandelingen-huidziekten\/\",\"url\":\"https:\/\/drleyndermatologie.be\/index.php\/algemene-dermatologie-behandelingen-huidziekten\/\",\"name\":\"Algemene dermatologie - Dr Leyn dermatologie\",\"isPartOf\":{\"@id\":\"https:\/\/drleyndermatologie.be\/#website\"},\"primaryImageOfPage\":{\"@id\":\"https:\/\/drleyndermatologie.be\/index.php\/algemene-dermatologie-behandelingen-huidziekten\/#primaryimage\"},\"image\":{\"@id\":\"https:\/\/drleyndermatologie.be\/index.php\/algemene-dermatologie-behandelingen-huidziekten\/#primaryimage\"},\"thumbnailUrl\":\"https:\/\/drleyndermatologie.be\/wp-content\/uploads\/2024\/12\/Pilar-Shoots-Dr.Leyn-LR-77-algemene-dermatologie-683x1024.jpg\",\"datePublished\":\"2024-12-06T09:36:36+00:00\",\"dateModified\":\"2025-02-06T15:37:29+00:00\",\"description\":\"U kan terecht bij dokter Leyn voor verschillende dermatologie behandelingen zoals huidziekten, PUVA, haarverlies, medische peels, cryotherapie.\",\"breadcrumb\":{\"@id\":\"https:\/\/drleyndermatologie.be\/index.php\/algemene-dermatologie-behandelingen-huidziekten\/#breadcrumb\"},\"inLanguage\":\"nl-BE\",\"potentialAction\":[{\"@type\":\"ReadAction\",\"target\":[\"https:\/\/drleyndermatologie.be\/index.php\/algemene-dermatologie-behandelingen-huidziekten\/\"]}]},{\"@type\":\"ImageObject\",\"inLanguage\":\"nl-BE\",\"@id\":\"https:\/\/drleyndermatologie.be\/index.php\/algemene-dermatologie-behandelingen-huidziekten\/#primaryimage\",\"url\":\"https:\/\/drleyndermatologie.be\/wp-content\/uploads\/2024\/12\/Pilar-Shoots-Dr.Leyn-LR-77-algemene-dermatologie.jpg\",\"contentUrl\":\"https:\/\/drleyndermatologie.be\/wp-content\/uploads\/2024\/12\/Pilar-Shoots-Dr.Leyn-LR-77-algemene-dermatologie.jpg\",\"width\":1365,\"height\":2048},{\"@type\":\"BreadcrumbList\",\"@id\":\"https:\/\/drleyndermatologie.be\/index.php\/algemene-dermatologie-behandelingen-huidziekten\/#breadcrumb\",\"itemListElement\":[{\"@type\":\"ListItem\",\"position\":1,\"name\":\"Home\",\"item\":\"https:\/\/drleyndermatologie.be\/\"},{\"@type\":\"ListItem\",\"position\":2,\"name\":\"Algemene dermatologie\"}]},{\"@type\":\"WebSite\",\"@id\":\"https:\/\/drleyndermatologie.be\/#website\",\"url\":\"https:\/\/drleyndermatologie.be\/\",\"name\":\"Dr Leyn dermatologie\",\"description\":\"\",\"publisher\":{\"@id\":\"https:\/\/drleyndermatologie.be\/#organization\"},\"potentialAction\":[{\"@type\":\"SearchAction\",\"target\":{\"@type\":\"EntryPoint\",\"urlTemplate\":\"https:\/\/drleyndermatologie.be\/?s={search_term_string}\"},\"query-input\":{\"@type\":\"PropertyValueSpecification\",\"valueRequired\":true,\"valueName\":\"search_term_string\"}}],\"inLanguage\":\"nl-BE\"},{\"@type\":\"Organization\",\"@id\":\"https:\/\/drleyndermatologie.be\/#organization\",\"name\":\"Dr Leyn dermatologie\",\"url\":\"https:\/\/drleyndermatologie.be\/\",\"logo\":{\"@type\":\"ImageObject\",\"inLanguage\":\"nl-BE\",\"@id\":\"https:\/\/drleyndermatologie.be\/#\/schema\/logo\/image\/\",\"url\":\"https:\/\/drleyndermatologie.be\/wp-content\/uploads\/2024\/12\/cropped-Logo-DrJokeLeyn21-DEF-scaled-1.jpg\",\"contentUrl\":\"https:\/\/drleyndermatologie.be\/wp-content\/uploads\/2024\/12\/cropped-Logo-DrJokeLeyn21-DEF-scaled-1.jpg\",\"width\":2558,\"height\":813,\"caption\":\"Dr Leyn dermatologie\"},\"image\":{\"@id\":\"https:\/\/drleyndermatologie.be\/#\/schema\/logo\/image\/\"}}]}<\/script>\n<!-- \/ Yoast SEO plugin. -->","yoast_head_json":{"title":"Algemene dermatologie - Dr Leyn dermatologie","description":"U kan terecht bij dokter Leyn voor verschillende dermatologie behandelingen zoals huidziekten, PUVA, haarverlies, medische peels, cryotherapie.","robots":{"index":"noindex","follow":"follow","max-snippet":"max-snippet:-1","max-image-preview":"max-image-preview:large","max-video-preview":"max-video-preview:-1"},"og_locale":"nl_BE","og_type":"article","og_title":"Algemene dermatologie - Dr Leyn dermatologie","og_description":"U kan terecht bij dokter Leyn voor verschillende dermatologie behandelingen zoals huidziekten, PUVA, haarverlies, medische peels, cryotherapie.","og_url":"https:\/\/drleyndermatologie.be\/index.php\/algemene-dermatologie-behandelingen-huidziekten\/","og_site_name":"Dr Leyn dermatologie","article_modified_time":"2025-02-06T15:37:29+00:00","og_image":[{"url":"https:\/\/drleyndermatologie.be\/wp-content\/uploads\/2024\/12\/Pilar-Shoots-Dr.Leyn-LR-77-algemene-dermatologie-683x1024.jpg","type":"","width":"","height":""}],"twitter_card":"summary_large_image","twitter_misc":{"Geschatte leestijd":"2 minuten"},"schema":{"@context":"https:\/\/schema.org","@graph":[{"@type":"WebPage","@id":"https:\/\/drleyndermatologie.be\/index.php\/algemene-dermatologie-behandelingen-huidziekten\/","url":"https:\/\/drleyndermatologie.be\/index.php\/algemene-dermatologie-behandelingen-huidziekten\/","name":"Algemene dermatologie - Dr Leyn dermatologie","isPartOf":{"@id":"https:\/\/drleyndermatologie.be\/#website"},"primaryImageOfPage":{"@id":"https:\/\/drleyndermatologie.be\/index.php\/algemene-dermatologie-behandelingen-huidziekten\/#primaryimage"},"image":{"@id":"https:\/\/drleyndermatologie.be\/index.php\/algemene-dermatologie-behandelingen-huidziekten\/#primaryimage"},"thumbnailUrl":"https:\/\/drleyndermatologie.be\/wp-content\/uploads\/2024\/12\/Pilar-Shoots-Dr.Leyn-LR-77-algemene-dermatologie-683x1024.jpg","datePublished":"2024-12-06T09:36:36+00:00","dateModified":"2025-02-06T15:37:29+00:00","description":"U kan terecht bij dokter Leyn voor verschillende dermatologie behandelingen zoals huidziekten, PUVA, haarverlies, medische peels, cryotherapie.","breadcrumb":{"@id":"https:\/\/drleyndermatologie.be\/index.php\/algemene-dermatologie-behandelingen-huidziekten\/#breadcrumb"},"inLanguage":"nl-BE","potentialAction":[{"@type":"ReadAction","target":["https:\/\/drleyndermatologie.be\/index.php\/algemene-dermatologie-behandelingen-huidziekten\/"]}]},{"@type":"ImageObject","inLanguage":"nl-BE","@id":"https:\/\/drleyndermatologie.be\/index.php\/algemene-dermatologie-behandelingen-huidziekten\/#primaryimage","url":"https:\/\/drleyndermatologie.be\/wp-content\/uploads\/2024\/12\/Pilar-Shoots-Dr.Leyn-LR-77-algemene-dermatologie.jpg","contentUrl":"https:\/\/drleyndermatologie.be\/wp-content\/uploads\/2024\/12\/Pilar-Shoots-Dr.Leyn-LR-77-algemene-dermatologie.jpg","width":1365,"height":2048},{"@type":"BreadcrumbList","@id":"https:\/\/drleyndermatologie.be\/index.php\/algemene-dermatologie-behandelingen-huidziekten\/#breadcrumb","itemListElement":[{"@type":"ListItem","position":1,"name":"Home","item":"https:\/\/drleyndermatologie.be\/"},{"@type":"ListItem","position":2,"name":"Algemene dermatologie"}]},{"@type":"WebSite","@id":"https:\/\/drleyndermatologie.be\/#website","url":"https:\/\/drleyndermatologie.be\/","name":"Dr Leyn dermatologie","description":"","publisher":{"@id":"https:\/\/drleyndermatologie.be\/#organization"},"potentialAction":[{"@type":"SearchAction","target":{"@type":"EntryPoint","urlTemplate":"https:\/\/drleyndermatologie.be\/?s={search_term_string}"},"query-input":{"@type":"PropertyValueSpecification","valueRequired":true,"valueName":"search_term_string"}}],"inLanguage":"nl-BE"},{"@type":"Organization","@id":"https:\/\/drleyndermatologie.be\/#organization","name":"Dr Leyn dermatologie","url":"https:\/\/drleyndermatologie.be\/","logo":{"@type":"ImageObject","inLanguage":"nl-BE","@id":"https:\/\/drleyndermatologie.be\/#\/schema\/logo\/image\/","url":"https:\/\/drleyndermatologie.be\/wp-content\/uploads\/2024\/12\/cropped-Logo-DrJokeLeyn21-DEF-scaled-1.jpg","contentUrl":"https:\/\/drleyndermatologie.be\/wp-content\/uploads\/2024\/12\/cropped-Logo-DrJokeLeyn21-DEF-scaled-1.jpg","width":2558,"height":813,"caption":"Dr Leyn dermatologie"},"image":{"@id":"https:\/\/drleyndermatologie.be\/#\/schema\/logo\/image\/"}}]}},"uagb_featured_image_src":{"full":false,"thumbnail":false,"medium":false,"medium_large":false,"large":false,"1536x1536":false,"2048x2048":false},"uagb_author_info":{"display_name":"admin","author_link":"https:\/\/drleyndermatologie.be\/index.php\/author\/info_n577m729\/"},"uagb_comment_info":0,"uagb_excerpt":"Algemene dermatologie Huidziekten Psoriasis, eczeem, acne, netelroos, huidinfecties \u2026. Huidkanker Opsporen en behandelen van verschillende types van huidkanker Contactallergietest Opsporen [&hellip;]","_links":{"self":[{"href":"https:\/\/drleyndermatologie.be\/index.php\/wp-json\/wp\/v2\/pages\/39","targetHints":{"allow":["GET"]}}],"collection":[{"href":"https:\/\/drleyndermatologie.be\/index.php\/wp-json\/wp\/v2\/pages"}],"about":[{"href":"https:\/\/drleyndermatologie.be\/index.php\/wp-json\/wp\/v2\/types\/page"}],"author":[{"embeddable":true,"href":"https:\/\/drleyndermatologie.be\/index.php\/wp-json\/wp\/v2\/users\/1"}],"replies":[{"embeddable":true,"href":"https:\/\/drleyndermatologie.be\/index.php\/wp-json\/wp\/v2\/comments?post=39"}],"version-history":[{"count":37,"href":"https:\/\/drleyndermatologie.be\/index.php\/wp-json\/wp\/v2\/pages\/39\/revisions"}],"predecessor-version":[{"id":499,"href":"https:\/\/drleyndermatologie.be\/index.php\/wp-json\/wp\/v2\/pages\/39\/revisions\/499"}],"wp:attachment":[{"href":"https:\/\/drleyndermatologie.be\/index.php\/wp-json\/wp\/v2\/media?parent=39"}],"curies":[{"name":"wp","href":"https:\/\/api.w.org\/{rel}","templated":true}]}}